*d - 26. Give f(-28).
-26
Let s(a) = 34*a**2 - 12*a. Calculate s(-3).
342
Let f(t) = -128*t + 9891. What is f(77)?
35
Let h(g) = -39011*g - 312083. What is h(-8)?
5
Let x(b) = -1269*b + 6348. What is x(5)?
3
Let d(f) = -2*f**2 + 70*f - 287. Calculate d(29).
61
Let w(s) = 36*s**2 + 3*s - 2. Determine w(2).
148
Let a(v) = -14*v**2 + 218*v - 115. Give a(15).
5
Let l(a) = -a**3 - 35*a**2 - 302*a + 33. Give l(-19).
-5
Let p(h) = h**2 - 43*h - 198. Give p(-5).
42
Let p(k) = -60*k - 745. What is p(-13)?
35
Let s(h) = h**2 - 23*h + 26. What is s(14)?
-100
Let r(i) = -i**2 - 6014*i - 42086. Calculate r(-7).
-37
Let u(l) = 1823*l + 65630. Calculate u(-36).
2
Let t(v) = -v**2 + 9*v - 23. Calculate t(8).
-15
Let s(j) = -j**3 - 20*j**2 + 17*j - 4. What is s(-21)?
80
Let a(n) = -n**3 + 11*n**2 - 5*n + 51. Calculate a(11).
-4
Let j(v) = v**2 + 33*v - 346. What is j(-41)?
-18
Let v(u) = -6647*u - 6664. Give v(-1).
-17
Let c(j) = 128*j**2 + 257*j + 7. Calculate c(-2).
5
Let u(d) = -2*d**3 - 13*d**2 - 28. Calculate u(-7).
21
Let p(m) = -m**3 - 38*m**2 - 11*m - 241. What is p(-38)?
177
Let v(o) = -236*o + 11098. Determine v(47).
6
Let o(y) = -y**3 - 35*y**2 + 76*y + 56. Determine o(-37).
-18
Let r(w) = 4*w**2 - 130*w - 1196. Determine r(40).
4
Let s(h) = -h**2 + 58*h - 652. Give s(53).
-387
Let m(t) = -275*t - 7866. What is m(-30)?
384
Let x(d) = 1304*d + 106926. Calculate x(-82).
-2
Let j(d) = -4*d**2 + 48*d + 483. What is j(28)?
-1309
Let o(s) = -s**2 - 91*s - 1865. Calculate o(-60).
-5
Let t(z) = 2*z**3 - 4*z**2 - 3*z - 1. Calculate t(4).
51
Let d(v) = -2*v**2 - 10*v + 111. Give d(-8).
63
Let h(g) = -3*g**3 - 3*g**2 + 278*g - 841. What is h(3)?
-115
Let v(j) = -203*j + 1253. What is v(4)?
441
Let b(o) = -7895*o + 71059. What is b(9)?
4
Let p(d) = -d**3 - 71*d**2 + 222*d + 71. What is p(-74)?
71
Let h(c) = -2*c**3 + 19*c**2 + 11*c - 280. Give h(8).
0
Let c(i) = 2*i**2 + 143*i - 809. Give c(-77).
38
Let k(j) = -23*j + 567. Determine k(28).
-77
Let k(s) = s**2 + 37*s - 600. What is k(12)?
-12
Let l(n) = -n**2 + 128*n - 139. Give l(0).
-139
Let q(d) = 2380*d + 133279. Determine q(-56).
-1
Let o(u) = -18*u**2 + 128*u - 33. Give o(6).
87
Let q(y) = 155*y**2 + 4*y + 3. What is q(-1)?
154
Let w(d) = 85*d + 190. Determine w(-2).
20
Let u(x) = -x**3 - 20*x**2 + 67*x - 13. Calculate u(-23).
33
Let z(x) = 4*x**2 - 147*x + 1238. Calculate z(18).
-112
Let y(z) = z**2 - 60*z - 1216. Calculate y(-16).
0
Let w(t) = 2*t**3 - 5*t**2 - 6*t - 38. Calculate w(5).
57
Let w(p) = -p**3 - 43*p**2 + 53*p + 2195. Determine w(-43).
-84
Let c(y) = 56*y - 6546. Determine c(117).
6
Let k(g) = 2*g**3 - 16*g**2 + 1. What is k(8)?
1
Let u(k) = 3*k + 122. Determine u(-10).
92
Let x(h) = h**2 + 39*h + 187. Give x(-33).
-11
Let j(g) = g**2 - 8*g - 31. Give j(9).
-22
Let p(w) = -w**2 - 21*w + 15. Determine p(-22).
-7
Let i(l) = -2*l**3 - l**2 - 2*l - 17. Determine i(0).
-17
Let a(l) = 19*l**2 + 56*l - 117. Determine a(2).
71
Let m(q) = q**3 - 24*q**2 + 143*q - 2707. Determine m(23).
53
Let o(h) = -h**2 + 31*h + 1750. Calculate o(-29).
10
Let g(f) = -2*f**2 + 11*f - 17. Determine g(10).
-107
Let r(u) = -1685*u + 18530. Give r(11).
-5
Let o(j) = 196*j + 43. Determine o(1).
239
Let k(i) = 2*i**3 - 60*i**2 - 62*i - 69. Determine k(31).
-69
Let h(z) = 3*z**2 + 47*z - 344. What is h(7)?
132
Let a(q) = -q**3 + 117*q**2 - 459*q + 6. Determine a(4).
-22
Let r(f) = -96*f**2 - 180*f + 27. Calculate r(-2).
3
Let l(m) = -6*m**2 - 53*m + 30. Calculate l(-10).
-40
Let l(f) = 59*f + 551. Give l(-12).
-157
Let f(s) = 11*s**2 - 556*s - 261. What is f(51)?
-6
Let g(o) = 4*o**3 + 19*o**2 + 110*o - 3. Calculate g(-6).
-843
Let p(i) = i**3 + 17*i**2 - 23*i + 157. What is p(-19)?
-128
Let l(c) = -11*c - 1732. Determine l(-155).
-27
Let c(u) = 7*u**2 + 225*u - 203. What is c(-33)?
-5
Let u(c) = c**2 - 48*c + 570. Calculate u(22).
-2
Let w(i) = 2*i**3 + 230*i**2 + 453*i + 175. Give w(-113).
62
Let q(x) = -x**3 - 3*x**2 + 17*x + 2. What is q(-4)?
-50
Let m(l) = 118*l + 1187. Calculate m(-10).
7
Let w(x) = x**3 - 15*x**2 + 174*x - 2240. Give w(14).
0
Let g(a) = -65*a**3 + 2*a**2 - 4*a + 3. Calculate g(1).
-64
Let d(o) = -o**3 - 2*o**2 - 14. What is d(-5)?
61
Let x(m) = m**3 - 10*m**2 - 4*m + 173. Calculate x(6).
5
Let t(c) = -c**3 - 2*c**2 + 2*c - 6. Determine t(3).
-45
Let n(s) = -901*s - 3646. Give n(-4).
-42
Let i(x) = -1249*x - 33694. Calculate i(-27).
29
Let p(z) = -z**2 + 585*z - 6867. Calculate p(12).
9
Let s(j) = j**2 - j - 204. What is s(-14)?
6
Let w(m) = -284*m + 3399. Give w(12).
-9
Let u(o) = 196*o**2 + 1. Calculate u(-1).
197
Let y(z) = -104*z - 3415. Give y(-33).
17
Let r(y) = 2*y**2 + 120*y - 2. Give r(-60).
-2
Let r(v) = 4*v**3 + 61*v**2 + 9*v - 57. Give r(-15).
33
Let w(j) = -j**3 + 15*j**2 - 19*j + 145. What is w(11)?
420
Let x(i) = -2*i**3 + 5*i**2 - 17*i + 37. Calculate x(2).
7
Let f(c) = -88*c - 566. Determine f(-6).
-38
Let a(o) = 73*o**3 + o**2 + 12*o + 11. Determine a(-1).
-73
Let u(q) = -q**2 + 777*q - 5360. Give u(7).
30
Let p(i) = 4*i**3 - 2*i**2 + 9*i + 29. What is p(-4)?
-295
Let b(p) = -10*p - 29. What is b(16)?
-189
Let x(c) = 6*c + 173. Determine x(-26).
17
Let v(p) = 18*p - 274. What is v(16)?
14
Let t(b) = 42*b + 291. Calculate t(-7).
-3
Let m(b) = -7*b**3 - 34*b**2 - 12*b - 88. Determine m(-5).
-3
Let w(d) = -6*d**2 - 13*d - 37. Calculate w(-6).
-175
Let p(g) = -g**3 + 606*g**2 + 17753*g + 22. What is p(-28)?
-6
Let y(b) = -b**3 - 38*b**2 - 132*b + 34. Give y(-34).
-102
Let v(y) = y**3 - 5*y**2 + 24*y - 72. What is v(5)?
48
Let y(t) = 15*t**2 + 467*t + 106. Give y(-31).
44
Let t(g) = -2*g**2 - 16*g + 3. Determine t(-1).
17
Let b(z) = 2*z**2 + 14*z - 92. Calculate b(-11).
-4
Let d(u) = 18*u**3 + 7*u + 6. Give d(-1).
-19
Let m(t) = -4*t**2 - 34*t + 656. Give m(-18).
-28
Let l(w) = 212*w - 1694. Give l(8).
2
Let k(j) = -5*j**2 + 25*j - 32. What is k(2)?
-2
Let n(j) = -j**3 - 44*j**2 - 484*j - 25. Determine n(-23).
-2
Let m(b) = b**3 - 2*b**2 - 64*b + 228. Calculate m(4).
4
Let f(o) = -399*o - 5583. Determine f(-14).
3
Let d(b) = -13*b**2 - 532*b + 189. Give d(-41).
148
Let f(a) = 2*a**2 - 418*a - 2553. Determine f(-6).
27
Let n(p) = -p**3 - 4*p**2 + 32*p + 132. Calculate n(-5).
-3
Let h(y) = 13*y**2 - 79*y + 163. Determine h(2).
57
Let x(d) = d**3 + 8*d**2 - 83*d. What is x(6)?
6
Let i(p) = 523*p - 4176. Calculate i(8).
8
Let n(l) = -8*l**3 - 27*l**2 - 34*l - 2. Give n(-1).
13
Let j(z) = z**3 + 33*z**2 + 61*z + 32. What is j(-31)?
63
Let y(m) = 32*m**3 + 3*m**2 + 2*m - 1. What is y(-1)?
-32
Let x(y) = 9*y**3 - 137*y**2 + 155*y - 24. Determine x(14).
-10
Let g(r) = 16*r**2 + 105*r + 163. Calculate g(-3).
-8
Let h(s) = 458*s + 1380. What is h(-3)?
6
Let i(q) = 97*q**2 + 13774*q - 4. What is i(-142)?
-4
Let z(n) = 7*n**2 - 31*n + 32. Give z(1).
8
Let w(m) = -13547*m + 67733. What is w(5)?
-2
Let k(q) = -q**3 - 5*q**2 - 27*q + 115. Give k(4).
-137
Let c(n) = -3*n**3 - 69*n**2 - 62*n + 124. Calculate c(-22).
36
Let d(z) = 4*z**2 - 42*z - 52. What is d(12)?
20
Let q(z) = -2*z**2 - 143*z - 1516. Give q(-13).
5
Let p(n) = 11*n + 36. What is p(-7)?
-41
Let k(p) = -196*p + 4121. Give k(21).
5
Let q(l) = l**2 + 3*l - 11. Give q(-7).
17
Let i(n) = -n**3 + 16*n**2 - 35*n + 864. Calculate i(17).
-20
Let l(h) = h**2 + 44*h + 15. What is l(-33)?
-348
Let t(i) = -179*i + 6969. Give t(39).
-12
Let x(k) = k**2 + 64*k + 929. Determine x(-22).
5
Let a(q) = 3*q**2 + 313*q + 561. Calculate a(-103).
149
Let h(y) = y**3 + 909*y**2 - 16686*y + 12. Calculate h(18).
12
Let z(f) = 11*f**3 + 235*f**2 - 155*f - 41. Calculate z(-22).
-19
Let m(c) = -c**2 - 564*c - 59929. What is m(-142)?
-5
Let k(q) = q**3 + 9*q**2 + 11*q + 64. Give k(-9).
-35
Let w(u) = -u**3 + 11*u**2 - 360*u + 3233. Calculate w(9).
155
Let g(c) = 292*c + 875. What is g(-3)?
-1
Let d(v) = -v**3 - 36*v**2 - 72. Calculate d(-36).
-72
Let s(z) = -z**3 + 21*z**2 - 24*z - 84. Determine s(19).
182
Let b(p) = 68*p - 1366. Determine b(20).
-6
Let q(c) = -709*c + 24821. Give q(35).
6
Let r(p) = -8*p**2 + 45*p - 30. What is r(5)?
-5
Let m(v) = 383*v - 7653. Determine m(20).
7
Let w(m) = 1535*m - 13826. Calculate w(9).
-11
Let d(o) = o**3 + 63*o**2 + 436*o - 44. What is d(-8)?
-12
Let h(q) = q**3 + 87*q**2 + 1192*q + 128. Calculate h(-70).
-12
Let i(h) = 108*h